{"id":154,"date":"2020-10-12T15:21:37","date_gmt":"2020-10-12T13:21:37","guid":{"rendered":"http:\/\/cabinet-souffoy-rittner.com\/?page_id=154"},"modified":"2025-11-20T03:17:39","modified_gmt":"2025-11-20T02:17:39","slug":"questions-reponses","status":"publish","type":"page","link":"https:\/\/cabinet-souffoy-rittner.com\/index.php\/questions-reponses\/","title":{"rendered":"Questions\/ R\u00e9ponses"},"content":{"rendered":"<p style=\"text-align: left;\">Vous trouverez dans cette rubrique les r\u00e9ponses aux questions les plus fr\u00e9quentes concernant une premi\u00e8re consultation. Pour toute demande suppl\u00e9mentaire, vous pouvez me contacter dans la rubrique <a href=\"http:\/\/cabinet-souffoy-rittner.com\/index.php\/contact-et-rendez-vous\/\">Contact.<\/a><\/p>\n\n\n<div class=\"wp-block-group\"><div class=\"wp-block-group__inner-container is-layout-flow wp-block-group-is-layout-flow\">\n<h2 class=\"wp-block-heading has-text-color has-medium-font-size\" style=\"color:#90877b\"><strong>\u00c0 partir de quel \u00e2ge peut-on consulter au cabinet ?<\/strong><\/h2>\n\n\n\n<p data-start=\"350\" data-end=\"463\">Au cabinet, les consultations neuropsychologiques sont propos\u00e9es aux enfants d\u00e8s <strong data-start=\"431\" data-end=\"440\">3 ans<\/strong>, ainsi qu\u2019aux adultes.<\/p>\n<ul>\n<li style=\"list-style-type: none;\">\n<ul>\n<li style=\"list-style-type: none;\">\n<ul>\n<li data-start=\"467\" data-end=\"629\"><strong data-start=\"467\" data-end=\"482\">Avant 6 ans<\/strong>, l\u2019\u00e9valuation permet principalement d\u2019identifier d\u2019\u00e9ventuels troubles du d\u00e9veloppement ainsi que des difficult\u00e9s dans les interactions sociales.<\/li>\n<li data-start=\"632\" data-end=\"793\"><strong data-start=\"632\" data-end=\"653\">\u00c0 partir de 6 ans<\/strong>, il devient possible d\u2019examiner plus pr\u00e9cis\u00e9ment les comp\u00e9tences cognitives : attention, m\u00e9moire, fonctions ex\u00e9cutives, langage \u00e9crit, etc.<\/li>\n<\/ul>\n<\/li>\n<\/ul>\n<\/li>\n<\/ul>\n<\/div><\/div>\n\n\n\n<p class=\"has-text-color has-medium-font-size\" style=\"color:#90877b\"><strong>Que faut-il apporter le jour de la consultation ?<\/strong><\/p>\n\n\n<p data-start=\"150\" data-end=\"224\">Le\/la patient(e) peut apporter tout document non transmis au pr\u00e9alable :<\/p>\n<ul>\n<li style=\"list-style-type: none;\">\n<ul>\n<li style=\"list-style-type: none;\">\n<ul>\n<li data-start=\"227\" data-end=\"292\">comptes rendus et synth\u00e8ses de bilans m\u00e9dicaux ou param\u00e9dicaux,<\/li>\n<li data-start=\"227\" data-end=\"292\">livrets ou bulletins scolaires,<\/li>\n<li data-start=\"225\" data-end=\"292\">\n<p data-start=\"227\" data-end=\"292\">ainsi que quelques productions scolaires pour les enfants.<\/p>\n<\/li>\n<\/ul>\n<\/li>\n<\/ul>\n<\/li>\n<\/ul>\n<p data-start=\"391\" data-end=\"547\">Pour les adultes, il est \u00e9galement recommand\u00e9 de venir avec tout document m\u00e9dical ou param\u00e9dical pertinent, notamment les synth\u00e8ses de bilans d\u00e9j\u00e0 r\u00e9alis\u00e9s.<\/p>\n\n\n<p class=\"has-text-color has-medium-font-size\" style=\"color:#90877b\"><strong>Est il possible de r\u00e9aliser un suivi apr\u00e8s le bilan neuropsychologique ?<\/strong><\/p>\n\n\n<p style=\"text-align: left;\">Oui. Un rendez-vous de suivi peut \u00eatre r\u00e9alis\u00e9 dans les semaines, mois ou ann\u00e9es suivant la consultation initiale, afin de faire le point sur l\u2019\u00e9volution et d\u2019ajuster les recommandations si n\u00e9cessaire.<br data-start=\"342\" data-end=\"345\" \/>Ce suivi peut \u00eatre r\u00e9alis\u00e9 en pr\u00e9sentiel, par t\u00e9l\u00e9phone ou en visioconf\u00e9rence.<\/p>\n\n\n<p class=\"has-text-color has-medium-font-size\" style=\"color:#90877b\"><strong>Une prescription m\u00e9dicale est-elle n\u00e9cessaire pour consulter un neuropsychologue ?<\/strong><\/p>\n\n\n<p>Non. Un bilan neuropsychologique peut \u00eatre demand\u00e9 directement par les parents, par le patient lui-m\u00eame ou \u00e0 la suite de recommandations sp\u00e9cifiques \u00e9manant de professionnels de sant\u00e9 ou de l\u2019enseignement.<\/p>\n\n\n<p class=\"has-text-color has-medium-font-size\" style=\"color:#90877b\"><strong>Les frais de consultations et de bilans peuvent-ils  \u00eatre pris en charge ? <\/strong><\/p>\n\n\n<p data-start=\"161\" data-end=\"216\">Oui, plusieurs possibilit\u00e9s de financement existent :<\/p>\n<ul>\n<li style=\"list-style-type: none;\">\n<ul>\n<li style=\"list-style-type: none;\">\n<ul data-start=\"218\" data-end=\"837\">\n<li data-start=\"218\" data-end=\"395\">\n<p data-start=\"220\" data-end=\"395\"><strong data-start=\"220\" data-end=\"240\">Pour les enfants<\/strong> : via la MDPH (Maison D\u00e9partementale des Personnes Handicap\u00e9es) par l\u2019octroi ou l\u2019augmentation de l\u2019AEEH (Allocation d\u2019\u00c9ducation de l\u2019Enfant Handicap\u00e9).<\/p>\n<\/li>\n<li data-start=\"218\" data-end=\"395\">\n<p data-start=\"220\" data-end=\"395\"><strong data-start=\"398\" data-end=\"418\">Pour les adultes<\/strong> : dans le cadre d\u2019une RQTH (Reconnaissance de la Qualit\u00e9 de Travailleur Handicap\u00e9).<\/p>\n<\/li>\n<li data-start=\"505\" data-end=\"638\">\n<p data-start=\"507\" data-end=\"638\"><strong data-start=\"507\" data-end=\"520\">Mutuelles<\/strong> : certaines mutuelles prennent en charge tout ou partie des frais (MGEN, AG2R, APICIL, AXA, MMA, Int\u00e9grance, etc.).<\/p>\n<\/li>\n<li data-start=\"639\" data-end=\"837\">\n<p data-start=\"641\" data-end=\"837\"><strong data-start=\"641\" data-end=\"663\">Autres dispositifs<\/strong> : S\u00e9curit\u00e9 sociale, CAF, Conseil G\u00e9n\u00e9ral (prestations extra-l\u00e9gales, fonds sp\u00e9cifiques de solidarit\u00e9, financements exceptionnels), ainsi que certains comit\u00e9s d\u2019entreprise.<\/p>\n<\/li>\n<\/ul>\n<\/li>\n<\/ul>\n<\/li>\n<\/ul>\n<p data-start=\"839\" data-end=\"993\">Dans tous les cas, je vous invite \u00e0 vous renseigner directement aupr\u00e8s de l\u2019organisme concern\u00e9 pour conna\u00eetre vos droits et les d\u00e9marches \u00e0 effectuer.<\/p>\n\n\n<p><\/p>\n","protected":false},"excerpt":{"rendered":"<p>Vous trouverez dans cette rubrique les r\u00e9ponses aux questions les plus fr\u00e9quentes concernant une premi\u00e8re consultation. Pour toute demande suppl\u00e9mentaire, vous pouvez me contacter dans la rubrique Contact. \u00c0 partir de quel \u00e2ge peut-on consulter au cabinet ? Au cabinet, les consultations neuropsychologiques sont propos\u00e9es aux enfants d\u00e8s 3 ans, ainsi qu\u2019aux adultes. Avant 6 &hellip; <\/p>\n<p class=\"link-more\"><a href=\"https:\/\/cabinet-souffoy-rittner.com\/index.php\/questions-reponses\/\" class=\"more-link\">Continuer la lecture<span class=\"screen-reader-text\"> de &laquo;&nbsp;Questions\/ R\u00e9ponses&nbsp;&raquo;<\/span><\/a><\/p>\n","protected":false},"author":1,"featured_media":0,"parent":0,"menu_order":0,"comment_status":"closed","ping_status":"closed","template":"","meta":{"footnotes":""},"class_list":["post-154","page","type-page","status-publish","hentry"],"_links":{"self":[{"href":"https:\/\/cabinet-souffoy-rittner.com\/index.php\/wp-json\/wp\/v2\/pages\/154","targetHints":{"allow":["GET"]}}],"collection":[{"href":"https:\/\/cabinet-souffoy-rittner.com\/index.php\/wp-json\/wp\/v2\/pages"}],"about":[{"href":"https:\/\/cabinet-souffoy-rittner.com\/index.php\/wp-json\/wp\/v2\/types\/page"}],"author":[{"embeddable":true,"href":"https:\/\/cabinet-souffoy-rittner.com\/index.php\/wp-json\/wp\/v2\/users\/1"}],"replies":[{"embeddable":true,"href":"https:\/\/cabinet-souffoy-rittner.com\/index.php\/wp-json\/wp\/v2\/comments?post=154"}],"version-history":[{"count":30,"href":"https:\/\/cabinet-souffoy-rittner.com\/index.php\/wp-json\/wp\/v2\/pages\/154\/revisions"}],"predecessor-version":[{"id":662,"href":"https:\/\/cabinet-souffoy-rittner.com\/index.php\/wp-json\/wp\/v2\/pages\/154\/revisions\/662"}],"wp:attachment":[{"href":"https:\/\/cabinet-souffoy-rittner.com\/index.php\/wp-json\/wp\/v2\/media?parent=154"}],"curies":[{"name":"wp","href":"https:\/\/api.w.org\/{rel}","templated":true}]}}

Questions/ Réponses

<p style="text-align: left;">Vous trouverez dans cette rubrique les réponses aux questions les plus fréquentes concernant une première consultation. Pour toute demande supplémentaire, vous pouvez me contacter dans la rubrique <a href="http://cabinet-souffoy-rittner.com/index.php/contact-et-rendez-vous/">Contact.</a></p>


<div class="wp-block-group"><div class="wp-block-group__inner-container is-layout-flow wp-block-group-is-layout-flow">
<h2 class="wp-block-heading has-text-color has-medium-font-size" style="color:#90877b"><strong>À partir de quel âge peut-on consulter au cabinet ?</strong></h2>



<p data-start="350" data-end="463">Au cabinet, les consultations neuropsychologiques sont proposées aux enfants dès <strong data-start="431" data-end="440">3 ans</strong>, ainsi qu’aux adultes.</p>
<ul>
<li style="list-style-type: none;">
<ul>
<li style="list-style-type: none;">
<ul>
<li data-start="467" data-end="629"><strong data-start="467" data-end="482">Avant 6 ans</strong>, l’évaluation permet principalement d’identifier d’éventuels troubles du développement ainsi que des difficultés dans les interactions sociales.</li>
<li data-start="632" data-end="793"><strong data-start="632" data-end="653">À partir de 6 ans</strong>, il devient possible d’examiner plus précisément les compétences cognitives : attention, mémoire, fonctions exécutives, langage écrit, etc.</li>
</ul>
</li>
</ul>
</li>
</ul>
</div></div>



<p class="has-text-color has-medium-font-size" style="color:#90877b"><strong>Que faut-il apporter le jour de la consultation ?</strong></p>


<p data-start="150" data-end="224">Le/la patient(e) peut apporter tout document non transmis au préalable :</p>
<ul>
<li style="list-style-type: none;">
<ul>
<li style="list-style-type: none;">
<ul>
<li data-start="227" data-end="292">comptes rendus et synthèses de bilans médicaux ou paramédicaux,</li>
<li data-start="227" data-end="292">livrets ou bulletins scolaires,</li>
<li data-start="225" data-end="292">
<p data-start="227" data-end="292">ainsi que quelques productions scolaires pour les enfants.</p>
</li>
</ul>
</li>
</ul>
</li>
</ul>
<p data-start="391" data-end="547">Pour les adultes, il est également recommandé de venir avec tout document médical ou paramédical pertinent, notamment les synthèses de bilans déjà réalisés.</p>


<p class="has-text-color has-medium-font-size" style="color:#90877b"><strong>Est il possible de réaliser un suivi après le bilan neuropsychologique ?</strong></p>


<p style="text-align: left;">Oui. Un rendez-vous de suivi peut être réalisé dans les semaines, mois ou années suivant la consultation initiale, afin de faire le point sur l’évolution et d’ajuster les recommandations si nécessaire.<br data-start="342" data-end="345" />Ce suivi peut être réalisé en présentiel, par téléphone ou en visioconférence.</p>


<p class="has-text-color has-medium-font-size" style="color:#90877b"><strong>Une prescription médicale est-elle nécessaire pour consulter un neuropsychologue ?</strong></p>


<p>Non. Un bilan neuropsychologique peut être demandé directement par les parents, par le patient lui-même ou à la suite de recommandations spécifiques émanant de professionnels de santé ou de l’enseignement.</p>


<p class="has-text-color has-medium-font-size" style="color:#90877b"><strong>Les frais de consultations et de bilans peuvent-ils  être pris en charge ? </strong></p>


<p data-start="161" data-end="216">Oui, plusieurs possibilités de financement existent :</p>
<ul>
<li style="list-style-type: none;">
<ul>
<li style="list-style-type: none;">
<ul data-start="218" data-end="837">
<li data-start="218" data-end="395">
<p data-start="220" data-end="395"><strong data-start="220" data-end="240">Pour les enfants</strong> : via la MDPH (Maison Départementale des Personnes Handicapées) par l’octroi ou l’augmentation de l’AEEH (Allocation d’Éducation de l’Enfant Handicapé).</p>
</li>
<li data-start="218" data-end="395">
<p data-start="220" data-end="395"><strong data-start="398" data-end="418">Pour les adultes</strong> : dans le cadre d’une RQTH (Reconnaissance de la Qualité de Travailleur Handicapé).</p>
</li>
<li data-start="505" data-end="638">
<p data-start="507" data-end="638"><strong data-start="507" data-end="520">Mutuelles</strong> : certaines mutuelles prennent en charge tout ou partie des frais (MGEN, AG2R, APICIL, AXA, MMA, Intégrance, etc.).</p>
</li>
<li data-start="639" data-end="837">
<p data-start="641" data-end="837"><strong data-start="641" data-end="663">Autres dispositifs</strong> : Sécurité sociale, CAF, Conseil Général (prestations extra-légales, fonds spécifiques de solidarité, financements exceptionnels), ainsi que certains comités d’entreprise.</p>
</li>
</ul>
</li>
</ul>
</li>
</ul>
<p data-start="839" data-end="993">Dans tous les cas, je vous invite à vous renseigner directement auprès de l’organisme concerné pour connaître vos droits et les démarches à effectuer.</p>


<p></p>

<p>Vous trouverez dans cette rubrique les réponses aux questions les plus fréquentes concernant une première consultation. Pour toute demande supplémentaire, vous pouvez me contacter dans la rubrique Contact. À partir de quel âge peut-on consulter au cabinet ? Au cabinet, les consultations neuropsychologiques sont proposées aux enfants dès 3 ans, ainsi qu’aux adultes. Avant 6 &hellip; </p>
<p class="link-more"><a href="https://cabinet-souffoy-rittner.com/index.php/questions-reponses/" class="more-link">Continuer la lecture<span class="screen-reader-text"> de &laquo;&nbsp;Questions/ Réponses&nbsp;&raquo;</span></a></p>
